e m(11).
-83
Let b(v) = -v**3 - 8*v**2 + 2012*v - 134. Calculate b(41).
-11
Let q(d) = 55*d**3 + 15*d**2 - 125*d + 348. What is q(4)?
3608
Let l(x) = x**3 - 1485*x**2 + 5957*x - 77. Determine l(4).
55
Let i(k) = -199*k - 593. Determine i(-3).
4
Let k(g) = 12*g**2 - 373*g - 370. Determine k(-1).
15
Let q(w) = w**2 + 5804*w - 251434. Give q(43).
-13
Let x(g) = 24*g + 5630. Determine x(-159).
1814
Let g(q) = -q**2 + 254*q - 11295. Calculate g(162).
3609
Let u(c) = 11*c**3 + 1063*c**2 - 1468*c + 167. Determine u(-98).
-29
Let s(f) = -f**3 + 243*f**2 - 3202*f - 800. Calculate s(229).
116
Let w(u) = -u**2 - 71*u - 1065. Calculate w(-53).
-111
Let a(b) = 39*b**2 - 758*b + 324. What is a(19)?
1
Let d(r) = 2*r**3 - r**2 + 19*r + 15. What is d(-6)?
-567
Let h(c) = 4*c**3 + 23*c**2 + 18149*c + 108947. Calculate h(-6).
17
Let t(s) = -2*s**2 + 230*s - 3837. Give t(93).
255
Let m(b) = -b**3 + 28*b**2 - 111*b - 197. What is m(7)?
55
Let j(c) = 119*c**2 - 220*c + 7. What is j(0)?
7
Let o(f) = 48*f**3 + 20*f - 20. Calculate o(1).
48
Let m(r) = -73*r**2 + 648*r + 158. Calculate m(9).
77
Let v(q) = 3*q**2 - 196*q - 2428. Give v(76).
4
Let u(x) = -4*x**2 - 18*x - 8. Give u(-9).
-170
Let h(w) = 2765*w + 307044. Determine h(-111).
129
Let j(z) = 265*z + 732. Calculate j(-5).
-593
Let j(s) = 5*s**3 + s**2 - 94*s + 256. Calculate j(3).
118
Let v(z) = z**3 + 233*z**2 - z + 820. Calculate v(-233).
1053
Let u(a) = -4*a**3 - 631*a**2 - 469*a + 215. Give u(-157).
-99
Let s(u) = -u**3 - 763*u**2 - 3768*u + 16450. Give s(-758).
-226
Let i(y) = -y**3 + 105*y**2 + 1500*y + 4073. What is i(118)?
61
Let m(c) = 408611*c + 408616. What is m(-1)?
5
Let j(x) = -2*x**3 - 104*x**2 + 88*x - 150. Give j(-53).
804
Let w(n) = -267*n + 48271. Give w(181).
-56
Let w(h) = -2*h**2 + 68*h + 413. Determine w(36).
269
Let p(d) = d**3 - 11*d**2 - 10559*d + 95196. Give p(9).
3
Let a(x) = -4*x**2 - 421*x + 14670. What is a(-133)?
-93
Let l(i) = -98*i**2 + 1490*i - 20. Give l(15).
280
Let c(i) = -11981*i + 131823. Determine c(11).
32
Let x(a) = 21*a**3 + 2*a**2 + 140511*a - 140513. Determine x(1).
21
Let f(v) = -2623*v - 708221. Give f(-270).
-11
Let b(y) = 6*y**2 - 134*y - 1915. What is b(-12)?
557
Let w(i) = -i**3 - 32*i**2 - 61*i - 2074. Calculate w(-32).
-122
Let k(j) = -j**2 - 237*j - 14351. Give k(-113).
-339
Let v(r) = r**3 - 28*r**2 - 2*r - 73. What is v(0)?
-73
Let t(l) = 5520*l - 2931140. Calculate t(531).
-20
Let h(x) = x**2 + 821*x + 142744. Calculate h(-571).
-6
Let g(j) = 2745*j - 29874. Calculate g(11).
321
Let h(n) = -75*n**2 + 7240*n + 139560. Give h(113).
5
Let n(i) = -135*i**2 + 230*i - 104. What is n(1)?
-9
Let z(q) = q**3 - 194*q**2 - 6202*q - 3160. Determine z(222).
-52
Let c(g) = 35419*g + 178725. Determine c(-5).
1630
Let u(v) = v**3 - 11*v**2 - 9*v + 11. Determine u(15).
776
Let p(l) = -41105*l - 3165038. Give p(-77).
47
Let o(v) = 9844*v - 836769. What is o(85)?
-29
Let n(c) = -7795*c - 31202. Calculate n(-4).
-22
Let i(x) = 283*x**2 + 6226*x - 61. What is i(-22)?
-61
Let j(s) = 16*s**3 + 846*s**2 - 104*s + 112. What is j(-53)?
6
Let f(q) = -5*q**3 - 44*q**2 + 41*q + 625. What is f(-7)?
-103
Let g(m) = -3*m**3 - 13*m**2 - 25*m + 226. Determine g(-9).
1585
Let g(m) = -m**3 + 63*m**2 + 115*m + 568. Give g(65).
-407
Let d(g) = 6*g**3 - 149*g**2 - 696*g - 814. Calculate d(29).
27
Let d(z) = -2*z**3 + 3*z**2 + 171*z - 360. Calculate d(2).
-22
Let v(u) = 549*u**2 + 6589*u + 10. Calculate v(-12).
-2
Let v(g) = -g**3 - 131*g**2 - 283*g - 19883. Give v(-130).
7
Let v(y) = -2*y**3 + 19*y**2 + 782*y - 8286. Determine v(11).
-47
Let d(a) = 29778*a - 29869. Determine d(1).
-91
Let t(f) = 4837*f + 33852. Give t(-7).
-7
Let h(k) = -42*k**2 + 580*k - 99. Determine h(13).
343
Let i(u) = 3*u**2 - 1396*u - 86999. Calculate i(521).
8
Let n(b) = -b**3 - 10*b**2 - 15*b - 200. Determine n(-10).
-50
Let n(i) = 34*i**2 + 1984*i + 709. Calculate n(-58).
13
Let f(l) = -6*l**3 + 4473*l**2 - 2239*l + 2968. Calculate f(745).
-12
Let c(t) = -t**2 + 2178*t + 1061076. Calculate c(-410).
-4
Let v(z) = 11*z**3 + 28*z**2 - 31*z - 62. Give v(-3).
-14
Let o(h) = h**2 + 75*h + 866. Determine o(-58).
-120
Let o(j) = j**2 + 686*j - 31390. Give o(43).
-43
Let q(d) = d**3 + 99*d**2 + 1453*d - 280. Determine q(-81).
125
Let d(x) = -x**3 + 824*x**2 + 22224*x - 105403. Give d(850).
-3
Let q(u) = u**2 - 100*u + 626. Determine q(91).
-193
Let z(c) = 8602*c + 146755. Calculate z(-17).
521
Let z(c) = 4791*c + 215658. Give z(-45).
63
Let k(u) = -177164*u + 354272. What is k(2)?
-56
Let s(c) = -6379*c - 210462. Determine s(-33).
45
Let r(i) = 36261*i + 35463250. What is r(-978)?
-8
Let o(i) = 2*i**3 - 48*i**2 - 60*i + 29. Calculate o(25).
-221
Let d(n) = -942*n - 3666. Give d(-4).
102
Let s(f) = 75*f + 897. What is s(-8)?
297
Let o(u) = 26*u - 1425. Calculate o(20).
-905
Let f(h) = 10*h**2 - 486*h + 96. What is f(49)?
292
Let q(g) = -3970866*g - 11912598. Calculate q(-3).
0
Let s(m) = -15*m**2 - 844*m - 7975. Determine s(-12).
-7
Let n(b) = 120*b + 3126. Give n(0).
3126
Let w(t) = -707*t**2 - 131*t + 130. Give w(1).
-708
Let l(k) = 291*k**2 - 429*k + 312. Give l(2).
618
Let h(g) = g**2 - 5*g - 562. Give h(30).
188
Let j(p) = -27846*p + 55759. Give j(2).
67
Let k(l) = -5*l**3 - 24*l**2 - 132*l + 5. Give k(-4).
469
Let b(f) = 6250*f - 106334. Calculate b(17).
-84
Let i(m) = -11706*m + 46889. Give i(4).
65
Let q(d) = -d**3 - 35*d**2 + 118*d + 182. Give q(-38).
30
Let n(s) = -s**2 + 4682*s - 14033. What is n(3)?
4
Let c(g) = -3*g**2 - 1324*g - 125659. What is c(-303)?
86
Let i(q) = 16192*q - 647675. Calculate i(40).
5
Let l(i) = 3*i**2 + 394*i - 2296. Determine l(-137).
33
Let k(j) = -19*j**3 - 3*j**2 - 1072*j + 4295. Give k(4).
-1257
Let t(x) = 2*x**3 - 8*x**2 - 119*x - 44. Calculate t(-8).
-628
Let x(p) = 7796*p - 62350. Determine x(8).
18
Let p(r) = 9*r**2 + 379*r + 4181. Determine p(-11).
1101
Let f(x) = x**2 - 25047*x + 275403. Determine f(11).
7
Let b(n) = n**2 + 94*n + 1026. What is b(-20)?
-454
Let y(x) = x**3 - 47*x**2 + 445*x + 3. Calculate y(34).
105
Let k(s) = s**2 + 1298*s + 39273. What is k(-31)?
-4
Let h(q) = 321*q + 70931. Determine h(-221).
-10
Let j(h) = -h**3 - 3*h**2 - 192*h - 825. Give j(-4).
-41
Let n(c) = -696*c**2 - c. Determine n(0).
0
Let s(f) = f**3 + 352*f**2 + 1227*f + 62856. Calculate s(-349).
36
Let r(f) = -3*f**2 + 1077*f + 3269. Determine r(362).
11
Let i(j) = 4*j**3 - 1016*j**2 + 10*j - 1839. Give i(254).
701
Let s(n) = -n**2 + 316*n - 24490. Calculate s(180).
-10
Let u(p) = -4067*p + 1126550. What is u(277)?
-9
Let h(l) = 209*l + 22445. What is h(-107)?
82
Let t(c) = -5378*c - 106601. Determine t(-20).
959
Let p(n) = -6*n**2 - 2217*n - 111412. Determine p(-60).
8
Let j(f) = -661*f - 10760. What is j(-16)?
-184
Let o(n) = n**3 - 19*n**2 - 20*n - 467. Calculate o(21).
-5
Let s(i) = 2*i**3 + 59*i**2 - 65*i - 361. Determine s(-2).
-11
Let b(u) = -2*u**3 + 213*u**2 + 691*u - 62399. Calculate b(107).
89
Let o(w) = 14*w - 2550. What is o(91)?
-1276
Let b(m) = -22*m**2 - 760*m - 2504. Determine b(-31).
-86
Let g(p) = 2802*p - 61662. Determine g(22).
-18
Let y(u) = -690*u - 608. Determine y(-1).
82
Let p(n) = -n**3 - 150*n**2 - 861*n + 889. What is p(-144)?
457
Let d(f) = -8*f**3 - 84*f**2 + 352*f + 73. Give d(4).
-375
Let n(p) = -210*p**2 + 174*p - 175. Calculate n(1).
-211
Let d(a) = -8516*a - 34365. Give d(-4).
-301
Let q(g) = 11*g**3 + 233*g**2 + 127*g + 1753. Determine q(-21).
-32
Let y(p) = 410*p - 5370. Give y(14).
370
Let z(m) = 16*m**3 + 10*m**2 - 77*m - 74. Calculate z(5).
1791
Let r(u) = -223*u + 284. Calculate r(-5).
1399
Let w(k) = 462*k + 78564. What is w(-170)?
24
Let w(q) = q**3 + 264*q**2 - 557*q - 6629. What is w(-266)?
21
Let a(n) = 24*n**2 - 6674*n + 625. Determine a(278).
69
Let n(m) = -2275*m + 22740. Give n(10).
-10
Let m(b) = 249141*b - 3737101. Give m(15).
14
Let w(n) = -2*n**3 + 29*n**2 + 149*n + 194. Calculate w(-3).
62
Let w(s) = -8*s**2 - 606*s - 4636. What is w(-67)?
54
Let v(x) = -x**3 + 35*x**2 - 211*x + 170. Calculate v(31).
-2527
Let n(z) = 6809*z + 394921. Calculate n(-58).
-1
Let u(c) = c**2 + 130*c - 107213. Calculate u(269).
118
Let m(g) = 92*g**2 - 1636*g + 30. Calculate m(18).
390
Let s(k) = 25*k**3 + 5*k**2 - 54*k + 27. Calculate s(5).
3007
Let d(f) = -4*f*